e
Does 438 divide 210052?
False
Does 22 divide 54076?
True
Does 106 divide 182655?
False
Is 34 a factor of 52693?
False
Is 170 a factor of 813620?
True
Is 13 a factor of 172848?
True
Is 661249 a multiple of 2?
False
Is 6866970 a multiple of 93?
False
Does 14 divide 114361?
False
Is 1032372 even?
True
Does 47 divide 50337?
True
Is 19191303 a multiple of 45?
False
Does 120 divide 508259?
False
Does 22 divide 347495?
False
Is 12 a factor of 2710841?
False
Is 17 a factor of 999124?
True
Is 1174942 a multiple of 935?
False
Does 13 divide 2870348?
True
Is 265301 a multiple of 214?
False
Does 331 divide 3589945?
False
Is 93 a factor of 1472140?
False
Is 104 a factor of 1448421?
False
Does 9 divide 675261?
True
Does 381 divide 422148?
True
Does 166 divide 1446026?
True
Is 534 a factor of 10298996?
False
Does 26 divide 2573116?
True
Does 55 divide 3457151?
False
Does 156 divide 127296?
True
Is 6 a factor of 3038578?
False
Is 2523505 a multiple of 60?
False
Does 14 divide 3597335?
False
Is 25789 a multiple of 3?
False
Is 28277 a multiple of 5?
False
Is 24 a factor of 170505?
False
Does 126 divide 1694070?
True
Is 15 a factor of 1853355?
True
Does 617 divide 2021913?
False
Is 12640602 a multiple of 26?
True
Is 407489 a multiple of 69?
False
Does 185 divide 8346796?
False
Is 39 a factor of 597334?
False
Is 496155 a multiple of 55?
True
Is 24 a factor of 251160?
True
Does 160 divide 75360?
True
Does 14 divide 66520?
False
Is 1584 a factor of 1040688?
True
Is 294 a factor of 2310827?
False
Is 139588 a multiple of 8?
False
Does 36 divide 207574?
False
Does 200 divide 361014?
False
Is 515760 a multiple of 80?
True
Is 210 a factor of 2074351?
False
Does 362 divide 2210372?
True
Is 203616 a multiple of 144?
True
Is 14 a factor of 602112?
True
Is 1111 a factor of 10189169?
False
Does 154 divide 3644402?
False
Is 8 a factor of 1335616?
True
Is 31140628 a multiple of 12?
False
Is 398597 a multiple of 31?
False
Does 16 divide 39760?
True
Is 15 a factor of 138465?
True
Is 837402 a multiple of 92?
False
Is 9 a factor of 550602?
True
Does 487 divide 2811938?
True
Does 42 divide 1046464?
False
Is 5 a factor of 187409?
False
Does 648 divide 2253096?
True
Is 93400 a multiple of 20?
True
Is 19590 a multiple of 34?
False
Does 443 divide 4550939?
True
Is 1177698 a multiple of 593?
True
Is 685347 a multiple of 39?
True
Does 430 divide 1712366?
False
Is 80325 a multiple of 225?
True
Is 44220 a multiple of 15?
True
Does 375 divide 11012625?
True
Does 5 divide 95289?
False
Does 41 divide 156550?
False
Does 19 divide 2546511?
False
Is 9215 a multiple of 97?
True
Is 74 a factor of 155095?
False
Is 29 a factor of 1757239?
False
Does 101 divide 4051471?
False
Does 76 divide 305596?
True
Is 15 a factor of 23940?
True
Is 4220 a multiple of 10?
True
Is 3 a factor of 1797?
True
Is 3 a factor of 46874?
False
Does 25 divide 50864?
False
Does 1194 divide 6888186?
True
Is 846009 a multiple of 219?
False
Is 9762670 a multiple of 248?
False
Is 9 a factor of 2706632?
False
Is 8 a factor of 1973944?
True
Is 569 a factor of 1248386?
True
Is 1651762 a multiple of 14?
True
Is 468 a factor of 16570008?
True
Does 471 divide 1183623?
True
Is 2840579 a multiple of 876?
False
Does 10 divide 74543?
False
Is 2949030 a multiple of 42?
True
Is 40 a factor of 9453175?
False
Does 10 divide 436169?
False
Is 10 a factor of 3007570?
True
Does 1144 divide 15909608?
True
Is 845 a factor of 13196365?
True
Is 27268 a multiple of 58?
False
Is 89 a factor of 1214324?
False
Does 36 divide 5963688?
True
Is 8532000 a multiple of 29?
False
Does 74 divide 27232?
True
Is 1815258 a multiple of 4?
False
Does 398 divide 950026?
True
Is 77 a factor of 4639327?
True
Is 273 a factor of 44950?
False
Is 31 a factor of 26376?
False
Does 15 divide 111134?
False
Does 34 divide 456620?
True
Is 91663 a multiple of 5?
False
Is 100 a factor of 46342?
False
Is 10955 a multiple of 7?
True
Does 6 divide 890916?
True
Is 5 a factor of 4270435?
True
Is 45 a factor of 1372905?
True
Is 11 a factor of 1465002?
True
Does 494 divide 390767?
False
Is 22248233 a multiple of 581?
True
Does 17 divide 820590?
True
Is 22 a factor of 64192?
False
Is 229461 a multiple of 9?
False
Does 7 divide 1569845?
False
Does 51 divide 657230?
False
Is 1176252 a multiple of 44?
True
Is 81 a factor of 235234?
False
Does 104 divide 11394?
False
Is 35759 a multiple of 50?
False
Is 5 a factor of 445729?
False
Does 61 divide 9940616?
False
Is 500 a factor of 3261000?
True
Does 33 divide 219219?
True
Is 125531 a multiple of 227?
True
Is 123300 a multiple of 26?
False
Is 2261 a multiple of 17?
True
Is 17 a factor of 296198?
False
Is 7992093 a multiple of 17?
False
Is 4301778 a multiple of 178?
False
Does 42 divide 175666?
False
Does 5 divide 329820?
True
Is 15 a factor of 418710?
True
Is 39 a factor of 148095?
False
Is 31 a factor of 3656917?
False
Does 36 divide 6592000?
False
Is 4 a factor of 131372?
True
Is 490 a factor of 3074260?
True
Does 306 divide 792846?
True
Does 68 divide 196384?
True
Does 16 divide 11760976?
True
Is 56 a factor of 23856?
True
Is 37 a factor of 72391?
False
Is 441145 a multiple of 483?
False
Does 184 divide 268535?
False
Does 19 divide 25580?
False
Does 823 divide 867198?
False
Does 1127 divide 12542383?
True
Is 307798 even?
True
Does 4 divide 24579?
False
Is 7225409 a multiple of 69?
False
Does 48 divide 299376?
True
Is 1525574 a multiple of 11?
False
Does 728 divide 1904448?
True
Is 149 a factor of 741473?
False
Is 59310 a multiple of 18?
True
Is 13 a factor of 6488339?
True
Is 59 a factor of 4484?
True
Is 15 a factor of 97473?
False
Is 3 a factor of 63733?
False
Is 8 a factor of 187736?
True
Is 55 a factor of 32340?
True
Is 14 a factor of 3103021?
False
Is 85869 a multiple of 9?
True
Is 3545 a multiple of 9?
False
Does 38 divide 129104?
False
Is 413 a factor of 1635197?
False
Is 29252 a multiple of 2?
True
Is 887 a factor of 2272312?
False
Is 324492 a multiple of 289?
False
Is 11033 a multiple of 77?
False
Is 244 a factor of 1473603?
False
Does 59 divide 610631?
False
Is 119860 a multiple of 260?
True
Does 9 divide 8810676?
True
Is 40 a factor of 63263?
False
Does 871 divide 1999294?
False
Is 157031 a multiple of 18?
False
Does 7 divide 26222?
True
Does 456 divide 1132704?
True
Is 2266423 a multiple of 8?
False
Is 538237 a multiple of 2?
False
Is 4239327 a multiple of 31?
False
Is 147323 a multiple of 227?
True
Is 221 a factor of 127738?
True
Does 97 divide 6563329?
False
Does 28 divide 490420?
True
Is 8460 a multiple of 60?
True
Does 11 divide 5841?
True
Is 225388 a multiple of 116?
True
Is 606012 a multiple of 281?
False
Is 35 a factor of 111102?
False
Is 115299 a multiple of 17?
False
Is 47 a factor of 2342745?
False
Is 8 a factor of 117715?
False
Does 4 divide 31568?
True
Is 132 a factor of 363264?
True
Does 157 divide 20337780?
True
Does 14 divide 109746?
True
Does 136 divide 1280576?
True
Is 56109 a multiple of 59?
True
Does 49 divide 2853564?
True
Is 173 a factor of 231376?
False
Is 58 a factor of 2593856?
False
Is 130661 a multiple of 18?
False
Is 4 a factor of 12466?
False
Is 69 a factor of 338583?
True
Is 32 a factor of 227205?
False
Does 14 divide 155757?
False
Is 63 a factor of 261784?
False
Does 573 divide 756049?
False
Is 8424 a multiple of 4?
True
Does 16 divide 104320?
True
Is 29025 a multiple of 18?
False
Is 4690470 a multiple of 102?
True
Is 102327 a multiple of 89?
False
Is 267468 a multiple of 124?
True
Is 2433 a factor of 15778005?
True
Is 29 a factor of 120466?
True
Is 776530 a multiple of 95?
True
Is 94080 a multiple of 294?
True
Is 204 a factor of 447576?
True
Does 92 divide 4440472?
True
Is 2591207 a multiple of 21?
False
Is 36 a factor of 16091808?
False
Is 232245 a multiple of 41?
False
Is 62755 a multiple of 77?
True
Is 64141 a multiple of 77?
True
Is 839811 a multiple of 49?
True
Is 3761755 a multiple of 9?
False
Is 90 a factor of 2358254?
False
Is 1948721 a multiple of 3?
False
Is 98143 a multiple of 8?
False
Does 113 divide 2134363?
False
Does 66 divide 1377420?
True
Is 319 a factor of 4974989?
False
Is 45 a factor of 18860535?
True
Does 799 divide 28319416?
False
Does 16 divide 489584?
True
Does 107 divide 322927?
False
Is 269 a factor of 53366?
False
Does 53 divide 171084?
True
Does 383 divide 10939025?
Fal